{"id":58,"date":"2023-08-24T09:19:53","date_gmt":"2023-08-24T07:19:53","guid":{"rendered":"https:\/\/ankieta-thegloow.empressia.dev\/?page_id=58"},"modified":"2023-09-11T14:05:44","modified_gmt":"2023-09-11T12:05:44","slug":"strona-glowna","status":"publish","type":"page","link":"https:\/\/ankieta.thegloow.com\/","title":{"rendered":"Strona g\u0142\u00f3wna"},"content":{"rendered":"<section class=\"intro intro--home gradient-bg full-w flex items-center relative py-16\">\n    <div class=\"container py-15 flex gap-70\">\n        <div class=\"intro__content flex flex-col justify-center  items-center lg:items-start max-w-[60rem] mx-auto lg:max-w-[50rem] pt-25 px-24 pb-32 lg:p-0 mt-64 sm:mt-0 lg:mt-0 rounded-[.5rem]\">\n                            \n    <h1 class=\"  mb-25 lg:mb-32 w-full \">\n\n            Ankieta zdrowia THEGLOOW.COM\n\n    <\/h1>\n\n            \n                            <div class=\"text-content mb-20 lg:mb-25\">\n                    <p>Chcesz zadba\u0107 o siebie na najwy\u017cszym poziomie i szukasz profesjonalnej porady w tej dziedzinie? A mo\u017ce czujesz, \u017ce Tw\u00f3j organizm potrzebuje kompleksowego wsparcia? Je\u015bli tak \u2013 ta ankieta jest dla Ciebie! Odpowiedz na kilka pyta\u0144, kt\u00f3re dla Ciebie przygotowali\u015bmy i sprawd\u017a, jaka suplementacja mo\u017ce by\u0107 najlepszym wyborem.<\/p>\n<p><strong>Ankieta zosta\u0142a przygotowana przez zesp\u00f3\u0142 do\u015bwiadczonych specjalist\u00f3w, w tym dietetyk\u00f3w i farmaceut\u00f3w, kt\u00f3rzy zadbali o to, by ka\u017cde pytanie pomog\u0142o nam zrozumie\u0107 Twoje indywidualne potrzeby zdrowotne.<\/strong> Twoje odpowiedzi pozwol\u0105 nam zaproponowa\u0107 produkty z naszej oferty najbardziej dostosowane do Twoich potrzeb.<\/p>\n\n                <\/div>\n                        \n\t\n    \n        \n\t\t\t<a href=\"\/ankieta\" target=\"_self\"  class=\"button primary \">\n\n\t\t\t\t<span>\n\t\t\t\t\tWype\u0142nij ankiet\u0119\n\t\t\t\t<\/span>\n\n\t\t\t<\/a>\n\n        \n    \n        <\/div>\n        <div class=\"hidden lg:flex lg:max-w-[56.8rem] items-center\">\n                            \n    \n        \n    \n    <figure class=\"overflow-hidden\">\n\n        <img decoding=\"async\" src=\"https:\/\/ankieta.thegloow.com\/wp-content\/uploads\/2023\/09\/12.webp\" srcset=\"https:\/\/ankieta.thegloow.com\/wp-content\/uploads\/2023\/09\/12.jpg 568w, https:\/\/ankieta.thegloow.com\/wp-content\/uploads\/2023\/09\/12-300x243.jpg 300w, https:\/\/ankieta.thegloow.com\/wp-content\/uploads\/2023\/09\/12-15x12.jpg 15w\" alt=\"\" class=\"h-full w-full object-cover\" loading=\"lazy\" \/>\n\n    <\/figure>\n\n\n    \n                    <\/div>\n    <\/div>\n    <div class=\"intro__mobile-img !absolute left-0 w-full top-0 lg:hidden !z-0\">\n        \n    \n        \n    \n    <figure class=\"overflow-hidden\">\n\n        <img decoding=\"async\" src=\"https:\/\/ankieta.thegloow.com\/wp-content\/uploads\/2023\/09\/12.webp\" srcset=\"https:\/\/ankieta.thegloow.com\/wp-content\/uploads\/2023\/09\/12.jpg 568w, https:\/\/ankieta.thegloow.com\/wp-content\/uploads\/2023\/09\/12-300x243.jpg 300w, https:\/\/ankieta.thegloow.com\/wp-content\/uploads\/2023\/09\/12-15x12.jpg 15w\" alt=\"\" class=\"h-full w-full object-cover\" loading=\"lazy\" \/>\n\n    <\/figure>\n\n\n    \n        <div class=\"intro__mobile-img-bg absolute top-0 left-0 w-full h-full\"><\/div>\n    <\/div>\n    <div class=\"circle-pattern circle-pattern--1\"><\/div>\n    <div class=\"circle-pattern circle-pattern--2\"><\/div>\n    <div class=\"circle-pattern circle-pattern--3\"><\/div>\n<\/section>","protected":false},"excerpt":{"rendered":"","protected":false},"author":1,"featured_media":0,"parent":0,"menu_order":0,"comment_status":"closed","ping_status":"closed","template":"","meta":{"_acf_changed":false,"inline_featured_image":false,"editor_plus_copied_stylings":"{}","footnotes":""},"class_list":["post-58","page","type-page","status-publish","hentry"],"yoast_head":"<!-- This site is optimized with the Yoast SEO plugin v23.2 - https:\/\/yoast.com\/wordpress\/plugins\/seo\/ -->\n<title>THEGLOOW.COM - ANKIETA ZDROWIA<\/title>\n<meta name=\"robots\" content=\"index, follow, max-snippet:-1, max-image-preview:large, max-video-preview:-1\" \/>\n<link rel=\"canonical\" href=\"https:\/\/ankieta.thegloow.com\/\" \/>\n<meta property=\"og:locale\" content=\"pl_PL\" \/>\n<meta property=\"og:type\" content=\"article\" \/>\n<meta property=\"og:title\" content=\"THEGLOOW.COM - ANKIETA ZDROWIA\" \/>\n<meta property=\"og:url\" content=\"https:\/\/ankieta.thegloow.com\/\" \/>\n<meta property=\"og:site_name\" content=\"THEGLOOW.COM - ANKIETA ZDROWIA\" \/>\n<meta property=\"article:modified_time\" content=\"2023-09-11T12:05:44+00:00\" \/>\n<meta name=\"twitter:card\" content=\"summary_large_image\" \/>\n<script type=\"application\/ld+json\" class=\"yoast-schema-graph\">{\"@context\":\"https:\/\/schema.org\",\"@graph\":[{\"@type\":\"WebPage\",\"@id\":\"https:\/\/ankieta.thegloow.com\/\",\"url\":\"https:\/\/ankieta.thegloow.com\/\",\"name\":\"THEGLOOW.COM - ANKIETA ZDROWIA\",\"isPartOf\":{\"@id\":\"https:\/\/ankieta.thegloow.com\/#website\"},\"datePublished\":\"2023-08-24T07:19:53+00:00\",\"dateModified\":\"2023-09-11T12:05:44+00:00\",\"breadcrumb\":{\"@id\":\"https:\/\/ankieta.thegloow.com\/#breadcrumb\"},\"inLanguage\":\"pl-PL\",\"potentialAction\":[{\"@type\":\"ReadAction\",\"target\":[\"https:\/\/ankieta.thegloow.com\/\"]}]},{\"@type\":\"BreadcrumbList\",\"@id\":\"https:\/\/ankieta.thegloow.com\/#breadcrumb\",\"itemListElement\":[{\"@type\":\"ListItem\",\"position\":1,\"name\":\"Strona g\u0142\u00f3wna\",\"item\":\"https:\/\/ankieta.thegloow.com\/\"},{\"@type\":\"ListItem\",\"position\":2,\"name\":\"Strona g\u0142\u00f3wna\"}]},{\"@type\":\"WebSite\",\"@id\":\"https:\/\/ankieta.thegloow.com\/#website\",\"url\":\"https:\/\/ankieta.thegloow.com\/\",\"name\":\"THEGLOOW.COM - ANKIETA ZDROWIA\",\"description\":\"\",\"potentialAction\":[{\"@type\":\"SearchAction\",\"target\":{\"@type\":\"EntryPoint\",\"urlTemplate\":\"https:\/\/ankieta.thegloow.com\/?s={search_term_string}\"},\"query-input\":\"required name=search_term_string\"}],\"inLanguage\":\"pl-PL\"}]}<\/script>\n<!-- \/ Yoast SEO plugin. -->","yoast_head_json":{"title":"THEGLOOW.COM - ANKIETA ZDROWIA","robots":{"index":"index","follow":"follow","max-snippet":"max-snippet:-1","max-image-preview":"max-image-preview:large","max-video-preview":"max-video-preview:-1"},"canonical":"https:\/\/ankieta.thegloow.com\/","og_locale":"pl_PL","og_type":"article","og_title":"THEGLOOW.COM - ANKIETA ZDROWIA","og_url":"https:\/\/ankieta.thegloow.com\/","og_site_name":"THEGLOOW.COM - ANKIETA ZDROWIA","article_modified_time":"2023-09-11T12:05:44+00:00","twitter_card":"summary_large_image","schema":{"@context":"https:\/\/schema.org","@graph":[{"@type":"WebPage","@id":"https:\/\/ankieta.thegloow.com\/","url":"https:\/\/ankieta.thegloow.com\/","name":"THEGLOOW.COM - ANKIETA ZDROWIA","isPartOf":{"@id":"https:\/\/ankieta.thegloow.com\/#website"},"datePublished":"2023-08-24T07:19:53+00:00","dateModified":"2023-09-11T12:05:44+00:00","breadcrumb":{"@id":"https:\/\/ankieta.thegloow.com\/#breadcrumb"},"inLanguage":"pl-PL","potentialAction":[{"@type":"ReadAction","target":["https:\/\/ankieta.thegloow.com\/"]}]},{"@type":"BreadcrumbList","@id":"https:\/\/ankieta.thegloow.com\/#breadcrumb","itemListElement":[{"@type":"ListItem","position":1,"name":"Strona g\u0142\u00f3wna","item":"https:\/\/ankieta.thegloow.com\/"},{"@type":"ListItem","position":2,"name":"Strona g\u0142\u00f3wna"}]},{"@type":"WebSite","@id":"https:\/\/ankieta.thegloow.com\/#website","url":"https:\/\/ankieta.thegloow.com\/","name":"THEGLOOW.COM - ANKIETA ZDROWIA","description":"","potentialAction":[{"@type":"SearchAction","target":{"@type":"EntryPoint","urlTemplate":"https:\/\/ankieta.thegloow.com\/?s={search_term_string}"},"query-input":"required name=search_term_string"}],"inLanguage":"pl-PL"}]}},"acf":[],"gutenberg_blocks":[{"blockName":"custom-styles","attrs":{"styles":""}},{"blockName":"acf\/intro","attrs":{"name":"acf\/intro","data":{"variant":"home","_variant":"field_64e884de1d4f5","title_heading_text":"Ankieta zdrowia THEGLOOW.COM","_title_heading_text":"field_638627ccced84","title_heading_level":"h1","_title_heading_level":"field_638627e7ced85","title_heading_variant":"default","_title_heading_variant":"field_63862847ced86","title_extra_classes":"","_title_extra_classes":"field_638628eeced88","title":"","_title":"field_64e5b4c862746","text":"Chcesz zadba\u0107 o siebie na najwy\u017cszym poziomie i szukasz profesjonalnej porady w tej dziedzinie? A mo\u017ce czujesz, \u017ce Tw\u00f3j organizm potrzebuje kompleksowego wsparcia? Je\u015bli tak \u2013 ta ankieta jest dla Ciebie! Odpowiedz na kilka pyta\u0144, kt\u00f3re dla Ciebie przygotowali\u015bmy i sprawd\u017a, jaka suplementacja mo\u017ce by\u0107 najlepszym wyborem.\r\n\r\n<strong>Ankieta zosta\u0142a przygotowana przez zesp\u00f3\u0142 do\u015bwiadczonych specjalist\u00f3w, w tym dietetyk\u00f3w i farmaceut\u00f3w, kt\u00f3rzy zadbali o to, by ka\u017cde pytanie pomog\u0142o nam zrozumie\u0107 Twoje indywidualne potrzeby zdrowotne.<\/strong> Twoje odpowiedzi pozwol\u0105 nam zaproponowa\u0107 produkty z naszej oferty najbardziej dostosowane do Twoich potrzeb.","_text":"field_64e5b50862747","image":220,"_image":"field_64e5b51462748","button_title":"Wype\u0142nij ankiet\u0119","_button_title":"field_61d40397c2f0a","button_button_type":"link","_button_button_type":"field_63bbde3b8f0d0","button_url":"\/ankieta","_button_url":"field_61d4039bc2f0b","button_button_style":"primary","_button_button_style":"field_63872d045d0f0","button_target":"_self","_button_target":"field_63872c705d0ef","button_button_extra_classes":"","_button_button_extra_classes":"field_642beab6a97de","button":"","_button":"field_64e5b52962749"},"mode":"edit"},"innerBlocks":[],"innerHTML":"","innerContent":[]}],"meta_data":{"container":""},"_links":{"self":[{"href":"https:\/\/ankieta.thegloow.com\/index.php\/wp-json\/wp\/v2\/pages\/58"}],"collection":[{"href":"https:\/\/ankieta.thegloow.com\/index.php\/wp-json\/wp\/v2\/pages"}],"about":[{"href":"https:\/\/ankieta.thegloow.com\/index.php\/wp-json\/wp\/v2\/types\/page"}],"author":[{"embeddable":true,"href":"https:\/\/ankieta.thegloow.com\/index.php\/wp-json\/wp\/v2\/users\/1"}],"replies":[{"embeddable":true,"href":"https:\/\/ankieta.thegloow.com\/index.php\/wp-json\/wp\/v2\/comments?post=58"}],"version-history":[{"count":5,"href":"https:\/\/ankieta.thegloow.com\/index.php\/wp-json\/wp\/v2\/pages\/58\/revisions"}],"predecessor-version":[{"id":222,"href":"https:\/\/ankieta.thegloow.com\/index.php\/wp-json\/wp\/v2\/pages\/58\/revisions\/222"}],"wp:attachment":[{"href":"https:\/\/ankieta.thegloow.com\/index.php\/wp-json\/wp\/v2\/media?parent=58"}],"curies":[{"name":"wp","href":"https:\/\/api.w.org\/{rel}","templated":true}]}}